ded by 107.
105
Calculate the remainder when 177 is divided by 31.
22
What is the remainder when 4797 is divided by 300?
297
What is the remainder when 94 is divided by 8?
6
What is the remainder when 414 is divided by 70?
64
What is the remainder when 1462 is divided by 64?
54
Calculate the remainder when 352 is divided by 78.
40
Calculate the remainder when 4848 is divided by 3.
0
What is the remainder when 7021 is divided by 334?
7
What is the remainder when 7906 is divided by 184?
178
What is the remainder when 198 is divided by 51?
45
What is the remainder when 6862 is divided by 343?
2
Calculate the remainder when 713 is divided by 55.
53
Calculate the remainder when 3033 is divided by 132.
129
Calculate the remainder when 2143 is divided by 2140.
3
Calculate the remainder when 142 is divided by 59.
24
What is the remainder when 292 is divided by 33?
28
Calculate the remainder when 7837 is divided by 212.
205
What is the remainder when 246 is divided by 18?
12
Calculate the remainder when 65 is divided by 13.
0
Calculate the remainder when 9 is divided by 2.
1
What is the remainder when 4870 is divided by 24?
22
What is the remainder when 70 is divided by 9?
7
What is the remainder when 769 is divided by 312?
145
Calculate the remainder when 339 is divided by 323.
16
Calculate the remainder when 173 is divided by 5.
3
Calculate the remainder when 763 is divided by 51.
49
What is the remainder when 212 is divided by 54?
50
What is the remainder when 555 is divided by 272?
11
What is the remainder when 561 is divided by 6?
3
What is the remainder when 794 is divided by 135?
119
Calculate the remainder when 836 is divided by 56.
52
What is the remainder when 1608 is divided by 320?
8
Calculate the remainder when 202 is divided by 110.
92
What is the remainder when 11151 is divided by 115?
111
Calculate the remainder when 206 is divided by 15.
11
What is the remainder when 41 is divided by 11?
8
Calculate the remainder when 478 is divided by 32.
30
Calculate the remainder when 513 is divided by 21.
9
What is the remainder when 61825 is divided by 111?
109
What is the remainder when 797 is divided by 25?
22
What is the remainder when 67 is divided by 53?
14
What is the remainder when 10 is divided by 8?
2
What is the remainder when 181 is divided by 64?
53
What is the remainder when 484 is divided by 190?
104
What is the remainder when 5424 is divided by 126?
6
Calculate the remainder when 1131 is divided by 52.
39
What is the remainder when 321 is divided by 66?
57
Calculate the remainder when 75 is divided by 17.
7
What is the remainder when 3282 is divided by 656?
2
Calculate the remainder when 1745 is divided by 76.
73
Calculate the remainder when 1032 is divided by 73.
10
What is the remainder when 194 is divided by 21?
5
Calculate the remainder when 23 is divided by 12.
11
Calculate the remainder when 23530 is divided by 111.
109
Calculate the remainder when 877 is divided by 302.
273
What is the remainder when 14738 is divided by 6?
2
Calculate the remainder when 448 is divided by 222.
4
Calculate the remainder when 1277 is divided by 20.
17
What is the remainder when 30600 is divided by 13?
11
What is the remainder when 105 is divided by 36?
33
What is the remainder when 395 is divided by 35?
10
What is the remainder when 1062 is divided by 36?
18
Calculate the remainder when 2511 is divided by 92.
27
Calculate the remainder when 436 is divided by 43.
6
Calculate the remainder when 532 is divided by 138.
118
Calculate the remainder when 3094 is divided by 173.
153
What is the remainder when 190 is divided by 6?
4
What is the remainder when 366 is divided by 358?
8
What is the remainder when 3427 is divided by 33?
28
Calculate the remainder when 2067 is divided by 138.
135
Calculate the remainder when 749 is divided by 108.
101
Calculate the remainder when 80 is divided by 29.
22
What is the remainder when 7519 is divided by 32?
31
Calculate the remainder when 1190 is divided by 90.
20
Calculate the remainder when 222 is divided by 134.
88
Calculate the remainder when 143 is divided by 31.
19
What is the remainder when 3697 is divided by 74?
71
What is the remainder when 1079 is divided by 157?
137
Calculate the remainder when 623 is divided by 150.
23
Calculate the remainder when 467 is divided by 55.
27
Calculate the remainder when 70 is divided by 20.
10
Calculate the remainder when 1100 is divided by 363.
11
Calculate the remainder when 28 is divided by 13.
2
Calculate the remainder when 1201 is divided by 13.
5
What is the remainder when 268 is divided by 17?
13
What is the remainder when 915 is divided by 304?
3
Calculate the remainder when 18886 is divided by 24.
22
Calculate the remainder when 1427 is divided by 159.
155
Calculate the remainder when 42 is divided by 27.
15
Calculate the remainder when 44 is divided by 25.
19
Calculate the remainder when 672 is divided by 208.
48
What is the remainder when 477 is divided by 10?
7
What is the remainder when 172 is divided by 34?
2
What is the remainder when 183 is divided by 6?
3
What is the remainder when 623 is divided by 39?
38
Calculate the remainder when 8948 is divided by 22.
16
Calculate the remainder when 47 is divided by 14.
5
What is the remainder when 201 is divided by 102?
99
What is the remainder when 231 is divided by 119?
112
Calculate the remainder when 427 is divided by 21.
7
What is the remainder when 35 is divided by 12?
11
What is the remainder when 395 is divided by 22?
21
Calculate the remainder when 3096 is divided by 120.
96
Calculate the remainder when 153 is divided by 52.
49
Calculate the remainder when 93 is divided by 74.
19
What is the remainder when 1272 is divided by 62?
32
What is the remainder when 106 is divided by 55?
51
What is the remainder when 120 is divided by 104?
16
What is the remainder when 6081 is divided by 9?
6
What is the remainder when 932 is divided by 94?
86
What is the remainder when 31 is divided by 11?
9
What is the remainder when 1604 is divided by 14?
8
What is the remainder when 450 is divided by 70?
30
Calculate the remainder when 551 is divided by 79.
77
Calculate the remainder when 607 is divided by 201.
4
Calculate the remainder when 144 is divided by 89.
55
What is the remainder when 233 is divided by 91?
51
What is the remainder when 245 is divided by 166?
79
Calculate the remainder when 170 is divided by 136.
34
What is the remainder when 606 is divided by 19?
17
Calculate the remainder when 5402 is divided by 450.
2
What is the remainder when 210 is divided by 59?
33
What is the remainder when 86 is divided by 41?
4
What is the remainder when 1294 is divided by 292?
126
What is the remainder when 613 is divided by 88?
85
What is the remainder when 16 is divided by 4?
0
Calculate the remainder when 533 is divided by 10.
3
Calculate the remainder when 576 is divided by 160.
96
What is the remainder when 81 is divided by 42?
39
What is the remainder when 45 is divided by 6?
3
Calculate the remainder when 137 is divided by 72.
65
What is the remainder when 2886 is divided by 412?
2
Calculate the remainder when 83 is divided by 31.
21
What is the remainder when 1374 is divided by 412?
138
Calculate the remainder when 31 is divided by 26.
5
Calculate the remainder when 5886 is divided by 151.
148
What is the remainder when 133 is divided by 22?
1
What is the remainder when 1004 is divided by 126?
122
What is the remainder when 63 is divided by 22?
19
Calculate the remainder when 2243 is divided by 205.
193
Calculate the remainder when 3257 is divided by 233.
228
Calculate the remainder when 225 is divided by 19.
16
What is the remainder when 281 is divided by 95?
91
What is the remainder when 416 is divided by 15?
11
Calculate the remainder when 296 is divided by 33.
32
What is the remainder when 84 is divided by 48?
36
Calculate the remainder when 385 is divided by 43.
41
Calculate the remainder when 33 is divided by 10.
3
What is the remainder when 569 is divided by 38?
37
Calculate the remainder when 39 is divided by 8.
7
What is the remainder when 1048 is divided by 30?
28
Calculate the remainder when 277 is divided by 12.
1
Calculate the remainder when 6018 is divided by 1203.
3
Calculate the remainder when 524